{"id":8,"date":"2013-06-12T21:47:58","date_gmt":"2013-06-12T19:47:58","guid":{"rendered":"http:\/\/les-mysteres-de-la-plume-rouge.fr\/?page_id=8"},"modified":"2013-06-12T23:00:36","modified_gmt":"2013-06-12T21:00:36","slug":"reglement-interieur","status":"publish","type":"page","link":"http:\/\/les-mysteres-de-la-plume-rouge.fr\/?page_id=8","title":{"rendered":"R\u00e8glement int\u00e9rieur"},"content":{"rendered":"<div id=\"articles_statuts\" style=\"column-count: 2; -moz-column-count: 2; -webkit-column-count: 2; text-align: justify; column-gap: 40px; -moz-column-gap: 40px; -webkit-column-gap: 40px;\">\n<article>\n<header><a name=\"art1\">Article 1 &#8211; Membres<\/a><\/header>\n<section>\n<div class=\"alinea\"><a name=\"ali1-1\">Alin\u00e9a 1 : les diff\u00e9rents membres<\/a><\/div>\n<p>\t\t\tL&#8217;association est constitu\u00e9e de :<\/p>\n<ul>\n<li>Membres adh\u00e9rents<\/li>\n<li>Membres actifs<\/li>\n<li>Membres d&#8217;honneur<\/li>\n<li>Membres bienfaiteurs<\/li>\n<li>Membres fondateurs<\/li>\n<li>Membres honoraires<\/li>\n<\/ul>\n<p>\t\t\tLes membres actifs, d&#8217;honneur et bienfaiteurs sont \u00e9galement des membres adh\u00e9rents.<\/p>\n<p>\t\t\tUn membre honoraire ou fondateur n&#8217;est membre adh\u00e9rent que s&#8217;il porte \u00e9galement le titre de membre actif, d&#8217;honneur ou bienfaiteur.<\/p>\n<p>\t\t\tLe Bureau peut d\u00e9finir les postes qui ouvrent droit au statut de membre actif, et en pr\u00e9ciser les objectifs ainsi que les conditions \u00e0 remplir pour y acc\u00e9der.<\/p>\n<p>\t\t\tChaque changement de statut est d\u00e9cid\u00e9 par le Conseil d&#8217;Administration, apr\u00e8s avoir \u00e9t\u00e9 mis \u00e0 l&#8217;ordre du jour. Dans des cas exceptionnels, la d\u00e9cision pourra \u00eatre vot\u00e9e par les membres du CA sans qu&#8217;il soit n\u00e9cessaire de les r\u00e9unir ; elle sera alors ent\u00e9rin\u00e9e lors de la r\u00e9union suivante.<\/p>\n<div class=\"alinea\"><a name=\"ali1-2\">Alin\u00e9a 2 : adh\u00e9sion<\/a><\/div>\n<p>\t\t\tLe montant de la cotisation annuelle dont doivent s&#8217;acquitter les membres adh\u00e9rents est fix\u00e9 \u00e0 la cr\u00e9ation de l&#8217;association par le Conseil d&#8217;Administration Provisoire, compos\u00e9 des trois membres fondateurs. Il sera par la suite red\u00e9fini par le Conseil d&#8217;Administration si besoin est, apr\u00e8s une dur\u00e9e d&#8217;effet d&#8217;au moins un an.<\/p>\n<p>\t\t\tL&#8217;association peut accueillir de nouveaux membres \u00e0 tout moment.<br \/>\n\t\t\tConform\u00e9ment \u00e0 l&#8217;article 8 des statuts, pour adh\u00e9rer, il faut :<\/p>\n<ul>\n<li>\u00catre une personne physique \u00e2g\u00e9e de 18 ans ou plus<\/li>\n<li>Adh\u00e9rer aux statuts et au r\u00e8glement int\u00e9rieur de l&#8217;association<\/li>\n<li>S&#8217;acquitter de la cotisation<\/li>\n<\/ul>\n<p>\t\t\tLes personnes d\u00e9sirant rejoindre les Myst\u00e8res de la Plume Rouge devront remplir un bulletin d&#8217;adh\u00e9sion et l&#8217;adresser au secr\u00e9taire de l&#8217;association, ou remplir le formulaire d&#8217;adh\u00e9sion disponible sur le site internet de l&#8217;association.<\/p>\n<p>\t\t\tL&#8217;admission des membres doit \u00eatre valid\u00e9e par le Conseil d&#8217;Administration, soit pendant une r\u00e9union du Conseil d&#8217;Administration, soit par un vote \u00e9lectronique, auquel cas les membres du Conseil d&#8217;Administration auront 3 jours pour exprimer leur choix \u2013 pass\u00e9 ce d\u00e9lai, leur vote sera consid\u00e9r\u00e9 comme blanc.<\/p>\n<p>\t\t\tDans tous les cas, l&#8217;admission est valid\u00e9e si le nombre de votes favorables est sup\u00e9rieur au nombre de votes d\u00e9favorables. En cas d&#8217;\u00e9galit\u00e9, la voix du pr\u00e9sident tranche.<\/p>\n<p>\t\t\tSi l&#8217;admission est valid\u00e9e, le futur nouveau membre en sera notifi\u00e9 par voie \u00e9lectronique ; il lui sera \u00e9galement indiqu\u00e9 le montant de la cotisation dont il doit s&#8217;acquitter aupr\u00e8s du tr\u00e9sorier de l&#8217;association, par ch\u00e8que, virement ou esp\u00e8ces. Il sera consid\u00e9r\u00e9 comme \u00e0 jour de sa cotisation \u00e0 partir de la date d&#8217;encaissement du montant de l&#8217;adh\u00e9sion pr\u00e9vu par le r\u00e8glement int\u00e9rieur en vigueur \u00e0 cette date, et jusqu&#8217;au m\u00eame jour de l&#8217;ann\u00e9e suivante inclus. En cas de d\u00e9but de validit\u00e9 un 29 f\u00e9vrier, le membre est consid\u00e9r\u00e9 \u00e0 jour de sa cotisation jusqu&#8217;au 1er mars de l&#8217;ann\u00e9e suivante, inclus.<\/p>\n<p>\t\t\tLe Conseil d&#8217;Administration Provisoire a d\u00e9cid\u00e9 des montants suivants :<\/p>\n<ul>\n<li>Cotisation minimale : 15 euros\n<p>\t\t\tC&#8217;est la cotisation dont doivent s&#8217;acquitter les membres d&#8217;honneur (dont les membres du Bureau)<\/li>\n<li>Cotisation restreinte : 20 euros\n<p>\t\t\tC&#8217;est la cotisation dont doivent s&#8217;acquitter les membres actifs, en \u00e9change de leurs services<\/li>\n<li>Cotisation standard : 25 euros\n<p>\t\t\tC&#8217;est la cotisation dont doivent s&#8217;acquitter les membres adh\u00e9rents qui ne sont ni actifs, ni d&#8217;honneur, ni bienfaiteurs, ni honoraires, ni fondateurs.<\/li>\n<\/ul>\n<p>\t\t\tToute cotisation vers\u00e9e \u00e0 l&#8217;association est d\u00e9finitivement acquise. Aucun remboursement de cotisation ne peut \u00eatre exig\u00e9 en cas de d\u00e9mission, d&#8217;exclusion, de maladie ou de d\u00e9c\u00e8s d&#8217;un membre en cours d\u2019ann\u00e9e, ou en cas de dissolution de l&#8217;association. Seule exception : si le changement de statut d&#8217;un membre intervient moins de deux mois apr\u00e8s le paiement de sa cotisation et que son nouveau statut lui donne droit \u00e0 une cotisation moindre, il sera cr\u00e9dit\u00e9 de la diff\u00e9rence.<\/p>\n<div class=\"alinea\"><a name=\"ali1-3\">Alin\u00e9a 3 : responsabilit\u00e9 des membres<\/a><\/div>\n<p>\t\t\tTout membre qui adh\u00e8re \u00e0 l&#8217;association accepte par principe sa composition, son fonctionnement et s&#8217;engage \u00e0 respecter les d\u00e9cisions qui ont \u00e9t\u00e9 prises par le pass\u00e9. Les propositions d&#8217;amendements faites dans le cadre de ce respect restent bien entendu les bienvenues.<\/p>\n<p>\t\t\tD&#8217;autre part, tout adh\u00e9rent assume l\u2019enti\u00e8re responsabilit\u00e9 morale, financi\u00e8re et juridique de ses actes. En aucun cas l\u2019association ne pourra \u00eatre tenue pour responsable des agissements ill\u00e9gaux de ses membres.<\/p>\n<p>\t\t\tIl va de soi que chaque adh\u00e9rent se doit de respecter les autres membres, ainsi que les locaux et le mat\u00e9riel mis \u00e0 sa disposition.<\/p>\n<p>\t\t\tEnfin, un membre ne peut parler au nom de l&#8217;association sans que son message ait re\u00e7u l&#8217;aval des responsables communication des Myst\u00e8res de la Plume Rouge, ou, \u00e0 d\u00e9faut, du Bureau. Cette d\u00e9cision doit \u00eatre unanime pour \u00eatre valid\u00e9e.<\/p>\n<p>\t\t\tTout contrevenant s&#8217;expose \u00e0 des sanctions.<\/p>\n<div class=\"alinea\"><a name=\"ali1-4\">Alin\u00e9a 4 : sanctions<\/a><\/div>\n<p>\t\t\tSi un membre entrait en infraction avec les statuts ou le r\u00e8glement int\u00e9rieur des Myst\u00e8res de la Plume Rouge, ou s&#8217;il venait \u00e0 porter pr\u00e9judice aux int\u00e9r\u00eats de l&#8217;association (par son action, son inaction ou ses propos), il serait passible de sanctions. Il en serait notifi\u00e9 au plus t\u00f4t, afin de pouvoir fournir des explications \u00e9crites adress\u00e9es au pr\u00e9sident de l&#8217;association, et\/ou de rem\u00e9dier \u00e0 la situation.<\/p>\n<p>\t\t\tConcernant l&#8217;application des dites-sanctions :<\/p>\n<p>\t\t\tUne sanction mineure, telle que la perte du statut de membre pendant un mois ou l&#8217;interdiction de participer \u00e0 un \u00e9v\u00e9nement, est laiss\u00e9e \u00e0 la libre appr\u00e9ciation du Bureau, qui doit \u00eatre unanime pour la valider. Le Bureau rendra compte de sa d\u00e9cision lors de la r\u00e9union du Conseil d&#8217;Administration suivante, mais la d\u00e9cision prendra effet d\u00e8s la validation du Bureau et sera notifi\u00e9e \u00e0 l&#8217;int\u00e9ress\u00e9.<\/p>\n<p>\t\t\tLa perte du statut de membre actif est vot\u00e9e par le Conseil d&#8217;Administration au cours d&#8217;une de ses r\u00e9unions. Elle sanctionne le membre qui ne respecte pas les charges qui lui ont octroy\u00e9 ce titre ; dans ce cas, il doit s&#8217;acquitter de la diff\u00e9rence entre la cotisation standard et la cotisation restreinte pour conserver son statut d&#8217;adh\u00e9rent.<\/p>\n<p>\t\t\tLa radiation est propos\u00e9e par le Bureau, et vot\u00e9e par le Conseil d&#8217;Administration au cours d&#8217;une de ses r\u00e9unions. Elle peut \u00eatre d\u00e9cid\u00e9e pour faute grave. Une fois appliqu\u00e9e, elle entra\u00eene la perte du statut de membre adh\u00e9rent de l&#8217;association et tout ce qui en d\u00e9coule.<br \/>\n\t\t<\/section>\n<\/article>\n<article>\n<header><a name=\"art2\">Article 2 &#8211; Engagements de l&#8217;association<\/a><\/header>\n<section>\n\t\t\tDans le cadre de la poursuite des objectifs d\u00e9finis dans ses statuts, l&#8217;association s&#8217;engage :<\/p>\n<ul>\n<li>\u00c0 tenir \u00e0 jour un site web relatif \u00e0 son activit\u00e9 et aux \u00e9v\u00e9nements qu&#8217;elle organise<\/li>\n<li>\u00c0 organiser r\u00e9guli\u00e8rement des Soir\u00e9es Enqu\u00eates (en moyenne 6 par an dans la mesure du possible, en cherchant au maximum \u00e0 proposer des sc\u00e9narios diff\u00e9rents)\n<p>\t\t\tParmi les Soir\u00e9es Enqu\u00eates propos\u00e9es, on distinguera :<\/p>\n<p>\t\t\t* Les Soir\u00e9es Enqu\u00eates ouvertes (donc ouvertes aux adh\u00e9rents comme aux non-adh\u00e9rents)<\/p>\n<p>\t\t\t* Les Soir\u00e9es Enqu\u00eates priv\u00e9es (r\u00e9serv\u00e9es aux adh\u00e9rents)<\/li>\n<li>\u00c0 favoriser la pratique de ce divertissement, en mettant en place un certain nombre d&#8217;outils permettant d&#8217;\u00e9crire ou d&#8217;organiser des Soir\u00e9es Enqu\u00eates<\/li>\n<li>\u00c0 proposer chaque ann\u00e9e 2 Soir\u00e9es Enqu\u00eates in\u00e9dites minimum<\/li>\n<\/ul>\n<p>\t\t\tPar ailleurs, l&#8217;association essaiera de promouvoir ce divertissement, en \u00e9tant pr\u00e9sente sur diff\u00e9rents salons, \u00e0 diff\u00e9rentes conventions.<\/p>\n<p>\t\t\tPrivil\u00e8ges des membres adh\u00e9rents<\/p>\n<p>\t\t\tOutre la possibilit\u00e9 de participer aux Soir\u00e9es Enqu\u00eates priv\u00e9es, et de voir son historique de jeu pris en compte dans le choix des Soir\u00e9es Enqu\u00eates propos\u00e9es, chaque membre adh\u00e9rent se voit accorder les privil\u00e8ges suivants :<\/p>\n<ul>\n<li>La participation financi\u00e8re \u00e0 une Soir\u00e9e Enqu\u00eate ouverte est ramen\u00e9e \u00e0 3 euros pour les membres adh\u00e9rents ; elle est de 12 euros pour les non-adh\u00e9rents\n<p>\t\t\tL&#8217;association se r\u00e9serve le droit de revoir de mani\u00e8re exceptionnelle le montant de la participation financi\u00e8re \u00e0 une Soir\u00e9e Enqu\u00eate dans le cadre d&#8217;offres particuli\u00e8res (promotion, Soir\u00e9e Enqu\u00eate dans un lieu particulier, etc.)<\/li>\n<li>Impression du dossier : en arrivant \u00e0 la Soir\u00e9e Enqu\u00eate, son dossier imprim\u00e9 lui sera remis par les organisateurs<\/li>\n<li>Un acc\u00e8s aux outils d\u00e9velopp\u00e9s par l&#8217;association pour \u00e9crire ou organiser leur propre Soir\u00e9e Enqu\u00eate<\/li>\n<li>Information r\u00e9guli\u00e8re sur les activit\u00e9s de l&#8217;association et les \u00e9v\u00e9nements organis\u00e9s (newsletter)<\/li>\n<li>Le droit de participer \u00e0 la vie de l&#8217;association, tout simplement !<\/li>\n<\/ul>\n<\/section>\n<\/article>\n<article>\n<header><a name=\"art3\">Article 3 &#8211; Fonctionnement de l&#8217;association<\/a><\/header>\n<section>\n<div class=\"alinea\"><a name=\"ali3-1\">Alin\u00e9a 1. Les diff\u00e9rents organes de l&#8217;association<\/a><\/div>\n<p>\t\t\tLe fonctionnement administratif de l&#8217;association repose sur le sch\u00e9ma classique : Membres \/ Administrateurs \/ Dirigeants.<\/p>\n<div class=\"paragraphe\"><a name=\"par3-1-1\">Paragraphe 1. Les membres<\/a><\/div>\n<p>\t\t\tAutrement appel\u00e9s en interne les Parcheminiers.<\/p>\n<p>\t\t\tLeur pouvoir s&#8217;exerce essentiellement au cours des Assembl\u00e9es G\u00e9n\u00e9rales, qu&#8217;elles soient ordinaires ou extra-ordinaires, bien qu&#8217;ils constituent, de par leur qualit\u00e9 de membres, une force de proposition cons\u00e9quente m\u00eame en dehors de ces r\u00e9unions. Leurs suggestions sont les bienvenues en toute circonstance, y compris pour mettre certains points \u00e0 l&#8217;ordre du jour d&#8217;une r\u00e9union \u2013 auquel cas il leur suffit de le mentionner dans un courrier postal ou \u00e9lectronique adress\u00e9 au pr\u00e9sident afin qu&#8217;il \u00e9tudie la proposition.<\/p>\n<p>\t\t\tAu cours des Assembl\u00e9es G\u00e9n\u00e9rales, ils peuvent d\u00e9lib\u00e9rer sur les questions \u00e0 l&#8217;ordre du jour, les d\u00e9cisions \u00e9tant prises \u00e0 main lev\u00e9e, \u00e0 la majorit\u00e9 des voix des membres pr\u00e9sents et repr\u00e9sent\u00e9s. Les abstentions sont prises en compte pour d\u00e9terminer si la majorit\u00e9 est ou non atteinte, et en cas de partage \u00e9gal, c&#8217;est le pr\u00e9sident qui tranchera.<\/p>\n<p>\t\t\tIls ont par ailleurs la charge d&#8217;\u00e9lire parmi eux les membres du Conseil d&#8217;Administration, au scrutin secret. Chaque membre choisit parmi les candidats \u00e9ligibles autant de membres que de postes \u00e0 pourvoir. Si le bulletin comporte plus de noms que de postes, il sera consid\u00e9r\u00e9 comme blanc.<br \/>\n\t\t\tSeront \u00e9lus ceux qui auront eu la majorit\u00e9 des voix des pr\u00e9sents et repr\u00e9sent\u00e9s, et qui auront accept\u00e9 cette place. En cas d&#8217;\u00e9galit\u00e9 entra\u00eenant une ind\u00e9cision, on proc\u00e8de \u00e0 un second tour entre les ex\u00e6quos.<\/p>\n<p>\t\t\tLes Parcheminiers se r\u00e9unissent au moins une fois par an.<\/p>\n<div class=\"paragraphe\"><a name=\"par3-1-2\">Paragraphe 2. Le Conseil d&#8217;Administration<\/a><\/div>\n<p>\t\t\tAutrement baptis\u00e9s en interne les Relieurs, ils sont au minimum 3, et au maximum 7, en fonction des candidats \u00e9ligibles.<\/p>\n<p>\t\t\tSuite \u00e0 la cr\u00e9ation de l&#8217;association, un conseil d&#8217;administration provisoire compos\u00e9 des trois fondateurs et membres du Bureau a \u00e9t\u00e9 constitu\u00e9 ; la premi\u00e8re Assembl\u00e9e G\u00e9n\u00e9rale permettra de d\u00e9finir le premier Conseil d&#8217;Administration.<\/p>\n<p>\t\t\tIls sont charg\u00e9s de s&#8217;assurer du bon fonctionnement de l&#8217;association. Les votes lors des r\u00e9unions du CA ont lieu \u00e0 main lev\u00e9e, et les d\u00e9cisions sont adopt\u00e9es \u00e0 la majorit\u00e9 des voix des pr\u00e9sents et repr\u00e9sent\u00e9s, en tenant compte des abstentions. Comme pour les assembl\u00e9es g\u00e9n\u00e9rales, en cas de partage \u00e9gal, c&#8217;est le pr\u00e9sident qui tranche.<\/p>\n<p>\t\t\tSeule exception \u00e0 cette r\u00e8gle : les d\u00e9cisions d&#8217;admission des membres, qui ne tiennent pas compte des abstentions.<\/p>\n<p>\t\t\tIls ont \u00e9galement la charge de choisir parmi eux le Bureau, au scrutin secret. Un vote a lieu pour chacun des trois postes ; il faut avoir plus de la moiti\u00e9 des voix des pr\u00e9sents et repr\u00e9sent\u00e9s pour \u00eatre \u00e9lu au premier tour, la majorit\u00e9 suffit si un second tour est n\u00e9cessaire. Le candidat doit bien entendu accepter le poste pour \u00eatre \u00e9lu.<\/p>\n<p>\t\t\tLes Relieurs se r\u00e9unissent au moins tous les trois mois.<\/p>\n<div class=\"paragraphe\"><a name=\"par3-1-3\">Paragraphe 3. Le Bureau<\/a><\/div>\n<p>\t\t\tAutrement baptis\u00e9 en interne les Enlumineurs, ils sont au nombre de trois.<\/p>\n<p>\t\t\t&#8211; Le Tr\u00e9sorier, l&#8217;Arcane du Coffre ;<br \/>\n\t\t\t&#8211; Le Secr\u00e9taire, le Gardien du Grimoire ;<br \/>\n\t\t\t&#8211; Le Pr\u00e9sident, le Ma\u00eetre des Myst\u00e8res ;<\/p>\n<p>\t\t\tLe cumul \u00e9ventuel des postes ne donne pas droit \u00e0 plus de voix lors des votes.<\/p>\n<p>\t\t\tIl peut \u00e9galement y avoir un vice-pr\u00e9sident (le Dauphin du Pouvoir), nomm\u00e9 par le pr\u00e9sident parmi les membres du Conseil d&#8217;Administration, autre que le Secr\u00e9taire et le Tr\u00e9sorier.<\/p>\n<p>\t\t\tSuite \u00e0 la cr\u00e9ation de l&#8217;association, le Bureau Provisoire \u00e9tait constitu\u00e9 des trois membres fondateurs. La premi\u00e8re r\u00e9union du Conseil d&#8217;Administration (non provisoire) permettra de d\u00e9finir le premier Bureau des Myst\u00e8res de la Plume Rouge.<\/p>\n<p>\t\t\tLes d\u00e9cisions du Bureau sont adopt\u00e9es \u00e0 la majorit\u00e9 des voix ; en cas de partage \u00e9gal, le pr\u00e9sident tranche. Les absentions sont prises en compte.<\/p>\n<div class=\"paragraphe\"><a name=\"par3-1-4\">Paragraphe 4. Les membres actifs<\/a><\/div>\n<p>\t\t\tVoici les postes qui donnent droit actuellement au statut de membre actif :<\/p>\n<ul>\n<li>Responsable des d\u00e9veloppements informatiques (l&#8217;Avatar du Progr\u00e8s)\n<p>\t\t\tIl s&#8217;agit du coordinateur des d\u00e9veloppements d&#8217;outils qui sont r\u00e9alis\u00e9s dans le cadre de l&#8217;association.<\/li>\n<li>Webmaster\n<p>\t\t\tIl a en charge la maintenance et la mise \u00e0 jour du site web de l&#8217;association, en accord avec le Bureau et\/ou le responsable communication.<\/li>\n<li>Responsable communication\n<p>\t\t\tIl est charg\u00e9 de faire le lien, avec les m\u00e9dias ou les diff\u00e9rents partenaires (commerciaux, organisateurs, etc) et s&#8217;occupe \u00e9ventuellement de la promotion des Myst\u00e8res de la Plume Rouge.<\/li>\n<\/ul>\n<\/section>\n<\/article>\n<article>\n<header><a name=\"art4\">Article 4 &#8211; Dispositions diverses<\/a><\/header>\n<section>\n<div class=\"alinea\"><a name=\"ali4-1\">Alin\u00e9a 1 : Modification du r\u00e8glement int\u00e9rieur<\/a><\/div>\n<p>\t\t\tLe r\u00e8glement int\u00e9rieur est \u00e9tabli par le Conseil d&#8217;Administration conform\u00e9ment \u00e0 l&#8217;article 22 des statuts de l&#8217;association Les Myst\u00e8res de la Plume Rouge.<\/p>\n<p>\t\t\tIl peut \u00eatre modifi\u00e9 par le Conseil d&#8217;Administration sur proposition du Conseil d&#8217;Administration ou de l&#8217;Assembl\u00e9e g\u00e9n\u00e9rale ; il suffit pour cela que le ou les membres qui souhaitent soumettre une proposition le fassent savoir par courrier (\u00e9lectronique ou postal) au pr\u00e9sident 15 jours au moins avant la prochaine r\u00e9union du Conseil d&#8217;Administration ou de l&#8217;Assembl\u00e9e G\u00e9n\u00e9rale, afin que la question soit \u00e9tudi\u00e9e et le cas \u00e9ch\u00e9ant mise \u00e0 l&#8217;ordre du jour. Le Conseil d&#8217;Administration validera alors le nouveau r\u00e8glement int\u00e9rieur lors de la r\u00e9union suivante.<\/p>\n<p>\t\t\tLe nouveau r\u00e8glement int\u00e9rieur est adress\u00e9 \u00e0 tous les membres de l&#8217;association par courrier \u00e9lectronique, et sera disponible sur le site internet de l&#8217;association, sous un d\u00e9lai de 15 jours suivant la date de la modification.<br \/>\n\t\t<\/section>\n<\/article>\n<\/div>\n","protected":false},"excerpt":{"rendered":"<p>Article 1 &#8211; Membres Alin\u00e9a 1 : les diff\u00e9rents membres L&#8217;association est constitu\u00e9e de : Membres adh\u00e9rents Membres actifs Membres d&#8217;honneur Membres bienfaiteurs Membres fondateurs Membres honoraires Les membres actifs, d&#8217;honneur et bienfaiteurs sont \u00e9galement des membres adh\u00e9rents. Un membre honoraire ou fondateur n&#8217;est membre adh\u00e9rent que s&#8217;il porte \u00e9galement le titre de membre actif, [&hellip;]<\/p>\n","protected":false},"author":1,"featured_media":0,"parent":0,"menu_order":0,"comment_status":"open","ping_status":"open","template":"","meta":{"ngg_post_thumbnail":0},"builder_content":"","_links":{"self":[{"href":"http:\/\/les-mysteres-de-la-plume-rouge.fr\/index.php?rest_route=\/wp\/v2\/pages\/8"}],"collection":[{"href":"http:\/\/les-mysteres-de-la-plume-rouge.fr\/index.php?rest_route=\/wp\/v2\/pages"}],"about":[{"href":"http:\/\/les-mysteres-de-la-plume-rouge.fr\/index.php?rest_route=\/wp\/v2\/types\/page"}],"author":[{"embeddable":true,"href":"http:\/\/les-mysteres-de-la-plume-rouge.fr\/index.php?rest_route=\/wp\/v2\/users\/1"}],"replies":[{"embeddable":true,"href":"http:\/\/les-mysteres-de-la-plume-rouge.fr\/index.php?rest_route=%2Fwp%2Fv2%2Fcomments&post=8"}],"version-history":[{"count":10,"href":"http:\/\/les-mysteres-de-la-plume-rouge.fr\/index.php?rest_route=\/wp\/v2\/pages\/8\/revisions"}],"predecessor-version":[{"id":484,"href":"http:\/\/les-mysteres-de-la-plume-rouge.fr\/index.php?rest_route=\/wp\/v2\/pages\/8\/revisions\/484"}],"wp:attachment":[{"href":"http:\/\/les-mysteres-de-la-plume-rouge.fr\/index.php?rest_route=%2Fwp%2Fv2%2Fmedia&parent=8"}],"curies":[{"name":"wp","href":"https:\/\/api.w.org\/{rel}","templated":true}]}}