{"id":44,"date":"2011-08-16T23:45:48","date_gmt":"2011-08-16T21:45:48","guid":{"rendered":"http:\/\/les-mysteres-de-la-plume-rouge.fr\/?page_id=44"},"modified":"2011-08-23T20:52:56","modified_gmt":"2011-08-23T18:52:56","slug":"les-runes-du-pouvoir","status":"publish","type":"page","link":"http:\/\/les-mysteres-de-la-plume-rouge.fr\/?page_id=44","title":{"rendered":"Les runes du pouvoir"},"content":{"rendered":"<p>Cette page regroupe les diff\u00e9rentes id\u00e9es de d\u00e9veloppement d&#8217;applications informatiques qui pourront \u00eatre d\u00e9velopp\u00e9es au sein des Myst\u00e8res de la Plume Rouge et contribueront aux activit\u00e9s de l&#8217;association.<\/p>\n<ul>\n<li><a href=\"http:\/\/les-mysteres-de-la-plume-rouge.fr\/?page_id=46\">Le Spectre<\/a><\/li>\n<\/ul>\n","protected":false},"excerpt":{"rendered":"<p>Cette page regroupe les diff\u00e9rentes id\u00e9es de d\u00e9veloppement d&#8217;applications informatiques qui pourront \u00eatre d\u00e9velopp\u00e9es au sein des Myst\u00e8res de la Plume Rouge et contribueront aux activit\u00e9s de l&#8217;association. Le Spectre<\/p>\n","protected":false},"author":1,"featured_media":0,"parent":0,"menu_order":0,"comment_status":"open","ping_status":"open","template":"","meta":{"ngg_post_thumbnail":0},"builder_content":"","_links":{"self":[{"href":"http:\/\/les-mysteres-de-la-plume-rouge.fr\/index.php?rest_route=\/wp\/v2\/pages\/44"}],"collection":[{"href":"http:\/\/les-mysteres-de-la-plume-rouge.fr\/index.php?rest_route=\/wp\/v2\/pages"}],"about":[{"href":"http:\/\/les-mysteres-de-la-plume-rouge.fr\/index.php?rest_route=\/wp\/v2\/types\/page"}],"author":[{"embeddable":true,"href":"http:\/\/les-mysteres-de-la-plume-rouge.fr\/index.php?rest_route=\/wp\/v2\/users\/1"}],"replies":[{"embeddable":true,"href":"http:\/\/les-mysteres-de-la-plume-rouge.fr\/index.php?rest_route=%2Fwp%2Fv2%2Fcomments&post=44"}],"version-history":[{"count":4,"href":"http:\/\/les-mysteres-de-la-plume-rouge.fr\/index.php?rest_route=\/wp\/v2\/pages\/44\/revisions"}],"predecessor-version":[{"id":68,"href":"http:\/\/les-mysteres-de-la-plume-rouge.fr\/index.php?rest_route=\/wp\/v2\/pages\/44\/revisions\/68"}],"wp:attachment":[{"href":"http:\/\/les-mysteres-de-la-plume-rouge.fr\/index.php?rest_route=%2Fwp%2Fv2%2Fmedia&parent=44"}],"curies":[{"name":"wp","href":"https:\/\/api.w.org\/{rel}","templated":true}]}}